{"id":1056,"date":"2014-02-11T16:50:07","date_gmt":"2014-02-11T14:50:07","guid":{"rendered":"http:\/\/humanwirtschaftspartei.de\/?page_id=1056"},"modified":"2025-09-18T19:54:29","modified_gmt":"2025-09-18T17:54:29","slug":"unterstuetzen-spenden-zahlungsmethoden","status":"publish","type":"page","link":"https:\/\/humanwirtschaftspartei.de\/?page_id=1056","title":{"rendered":"Zahlungsmethoden"},"content":{"rendered":"\n<h3 class=\"wp-block-heading margin-down\">&Uuml;berweisung \/ Scheck<\/h3>\n\n\n\n<p>Spende per Scheck<\/p>\n\n\n\n<p>Eine der einfachsten L&ouml;sungen: Schicken Sie uns einen Scheck.<br><\/p>\n\n\n\n<p>&Uuml;berweisung von Ihrer Bank auf unser Konto<\/p>\n\n\n\n<p>Sie k&ouml;nnen auch via &Uuml;berweisung auf unser Bankkonto spenden.<br>Wir bedanken uns schon jetzt f&uuml;r Ihre Unterst&uuml;tzung.<\/p>\n\n\n\n<p>GLS Gemeinschaftsbank eG<br>BLZ: 430 609 67<br>Kontonummer: 600 50 47 200<br>IBAN: DE18 4306 0967 6005 0472 00<br>BIC: GENODEM1GLS<\/p>\n\n\n\n<p>Bitte geben Sie bei Ihrer Spende Ihren Namen und Ihre vollst&auml;ndige Anschrift an, damit wir Ihnen eine Spendenquittung zusenden k&ouml;nnen. Benutzen Sie hierzu bitte das Feld &ldquo;Verwendungszweck&rdquo; auf dem &Uuml;berweisungstr&auml;ger.<\/p>\n\n\n\n<h3 class=\"wp-block-heading\">Einzugserm&auml;chtigung<\/h3>\n\n\n\n<p>Wenn Sie die HUMANWIRTSCHAFTSPARTEI dauerhaft unterst&uuml;tzen wollen, k&ouml;nnen Sie dies auch &uuml;ber eine Einzugserm&auml;chtigung regeln.<\/p>\n\n\n\n<p>F&uuml;r Fragen und Anregungen stehen wir Ihnen jederzeit gerne zur Verf&uuml;gung. Senden Sie Ihre Email bitte an:&nbsp; geschaeftsstelle@humanwirtschaftspartei.de<\/p>\n","protected":false},"excerpt":{"rendered":"<p>\u00dcberweisung \/ Scheck Spende per Scheck Eine der einfachsten L\u00f6sungen: Schicken Sie uns einen Scheck. \u00dcberweisung von Ihrer Bank auf unser Konto Sie k\u00f6nnen auch &hellip; <\/p>\n","protected":false},"author":238,"featured_media":0,"parent":1052,"menu_order":30,"comment_status":"closed","ping_status":"closed","template":"","meta":{"_coblocks_attr":"","_coblocks_dimensions":"","_coblocks_responsive_height":"","_coblocks_accordion_ie_support":"","_uag_custom_page_level_css":"","advgb_blocks_editor_width":"","advgb_blocks_columns_visual_guide":"","footnotes":""},"class_list":["post-1056","page","type-page","status-publish","hentry"],"uagb_featured_image_src":{"full":false,"thumbnail":false,"medium":false,"medium_large":false,"large":false,"tf-client-image-size":false,"1536x1536":false,"2048x2048":false,"bam-large":false,"bam-featured":false,"bam-list":false,"bam-thumb":false,"bam-small":false,"mailpoet_newsletter_max":false,"audioigniter_cover":false,"tptn_thumbnail":false},"uagb_author_info":{"display_name":"Web Master","author_link":"https:\/\/humanwirtschaftspartei.de\/?author=238"},"uagb_comment_info":0,"uagb_excerpt":"\u00dcberweisung \/ Scheck Spende per Scheck Eine der einfachsten L\u00f6sungen: Schicken Sie uns einen Scheck. \u00dcberweisung von Ihrer Bank auf unser Konto Sie k\u00f6nnen auch &hellip;","coauthors":[],"author_meta":{"author_link":"https:\/\/humanwirtschaftspartei.de\/?author=238","display_name":"Web Master"},"relative_dates":{"created":"Ver\u00f6ffentlicht 12\u00a0Jahren vor","modified":"Aktualisiert 7\u00a0Monaten vor"},"absolute_dates":{"created":"Ver\u00f6ffentlicht am 11. Februar 2014","modified":"Aktualisiert am 18. September 2025"},"absolute_dates_time":{"created":"Ver\u00f6ffentlicht am 11. Februar 2014 16:50","modified":"Aktualisiert am 18. September 2025 19:54"},"featured_img_caption":"","featured_img":false,"series_order":"","_links":{"self":[{"href":"https:\/\/humanwirtschaftspartei.de\/index.php?rest_route=\/wp\/v2\/pages\/1056","targetHints":{"allow":["GET"]}}],"collection":[{"href":"https:\/\/humanwirtschaftspartei.de\/index.php?rest_route=\/wp\/v2\/pages"}],"about":[{"href":"https:\/\/humanwirtschaftspartei.de\/index.php?rest_route=\/wp\/v2\/types\/page"}],"author":[{"embeddable":true,"href":"https:\/\/humanwirtschaftspartei.de\/index.php?rest_route=\/wp\/v2\/users\/238"}],"replies":[{"embeddable":true,"href":"https:\/\/humanwirtschaftspartei.de\/index.php?rest_route=%2Fwp%2Fv2%2Fcomments&post=1056"}],"version-history":[{"count":1,"href":"https:\/\/humanwirtschaftspartei.de\/index.php?rest_route=\/wp\/v2\/pages\/1056\/revisions"}],"predecessor-version":[{"id":24718,"href":"https:\/\/humanwirtschaftspartei.de\/index.php?rest_route=\/wp\/v2\/pages\/1056\/revisions\/24718"}],"up":[{"embeddable":true,"href":"https:\/\/humanwirtschaftspartei.de\/index.php?rest_route=\/wp\/v2\/pages\/1052"}],"wp:attachment":[{"href":"https:\/\/humanwirtschaftspartei.de\/index.php?rest_route=%2Fwp%2Fv2%2Fmedia&parent=1056"}],"curies":[{"name":"wp","href":"https:\/\/api.w.org\/{rel}","templated":true}]}}