{"id":1058,"date":"2014-02-11T16:51:14","date_gmt":"2014-02-11T14:51:14","guid":{"rendered":"http:\/\/humanwirtschaftspartei.de\/?page_id=1058"},"modified":"2019-12-04T16:11:10","modified_gmt":"2019-12-04T14:11:10","slug":"unterstuetzen-spenden-steuerrecht","status":"publish","type":"page","link":"https:\/\/humanwirtschaftspartei.de\/?page_id=1058","title":{"rendered":"Steuerrecht"},"content":{"rendered":"\n<h4 class=\"margin-down wp-block-heading\">Spenden und Steuern<\/h4>\n\n\n\n<p>Parteispenden sind Sonderausgaben<\/p>\n\n\n\n<p>Steuerlich gesehen sind Parteispenden Sonderausgaben und k&ouml;nnen als solche beschr&auml;nkt abgesetzt werden. Die steuerliche Abzugsf&auml;higkeit von Parteispenden ist im Einkommensteuergesetz in &sect; 34 g und &sect; 10 b Abs. 2 geregelt.<\/p>\n\n\n\n<p>Absetzbarkeit nach &sect; 34 g EStG<\/p>\n\n\n\n<p>Bis zu einer Spendenh&ouml;he je Kalenderjahr von 1.650,- &euro; f&uuml;r Ledige und 3.300,- &euro; f&uuml;r Verheiratete werden Parteispenden unabh&auml;ngig vom individuellen Steuersatz mit einem Satz von 50% steuerlich beg&uuml;nstigt.<\/p>\n\n\n\n<p>Absetzbarkeit nach &sect; 10 b Abs. 2 EStG<\/p>\n\n\n\n<p>Dar&uuml;ber hinaus gehende Betr&auml;ge sind bis zu einer H&ouml;he von noch einmal 1.650,- &euro; f&uuml;r Ledige und 3.300,- &euro; f&uuml;r Verheiratete steuerlich absetzbar. Der steuerliche Vorteil h&auml;ngt dabei vom individuellen Steuersatz ab.<\/p>\n\n\n\n<p>Kapitalgesellschaften<\/p>\n\n\n\n<p>Zuwendungen von Unternehmen in der Rechtsform einer juristischen Person (z.B. AG, GmbH, etc.) k&ouml;nnen ihre Zuwendungen nicht als Betriebsausgaben geltend machen. Bei Zuwendungen von Unternehmen in der Rechtsform einer Personengesellschaft (z.B. OHG, KG, GmbH &amp; Co. KG) k&ouml;nnen diese Zuwendungen zwar nicht als Betriebsaus&shy;gaben bei der Personengesellschaft unmittelbar geltend gemacht werden; diese Zuwendungen werden jedoch anteilig im Rahmen der einheitlichen und gesonderten Gewinnfeststellung der Personengesell&shy;schaft den Gesellschaftern im Verh&auml;ltnis ihrer Beteiligungsquote zugerechnet. Die steuerliche Auswirkung der Zuwendung findet somit bei der pers&ouml;nlichen Einkommensteuererkl&auml;rung der Gesellschafter ihre Ber&uuml;cksichtigung.<\/p>\n\n\n\n<p>Berufsverb&auml;nde k&ouml;nnen gem&auml;&szlig; &sect; 5 Abs. 1 Nr. 5 K&ouml;rperschaftsteuergesetz (KStG) bis zu 10 % ihrer Einnahmen f&uuml;r die unmittelbare oder mittelbare F&ouml;rderung politischer Par&shy;teien verwenden, ohne ihre Steuerfreiheit zu beeintr&auml;chtigen. Auf die Zuwendungen haben die Berufsverb&auml;nde 50 % K&ouml;rperschaftsteuer zu zahlen.<\/p>\n\n\n\n<p>Spenden an politische Parteien, deren Gesamtwert in einem Kalenderjahr 10.000,- &euro; &uuml;bersteigt, sind unter Angabe von Namen und Anschrift sowie der Gesamth&ouml;he der Zuwendung im Rechenschaftsbericht zu verzeichnen. Politische Parteien sind verpflichtet, Spenden, die im Einzelfall 50.000,- &euro; &uuml;bersteigen, dem Bundestagspr&auml;sidenten unverz&uuml;glich anzuzeigen.<\/p>\n\n\n\n<p>Wenn Sie weitere Fragen haben, rufen Sie uns an: 030 &ndash; 86 43 71 55<br>oder schicken Sie eine Email an:&nbsp; info@humanwirtschaftspartei.de <\/p>\n","protected":false},"excerpt":{"rendered":"<p>Spenden und Steuern Parteispenden sind Sonderausgaben Steuerlich gesehen sind Parteispenden Sonderausgaben und k\u00f6nnen als solche beschr\u00e4nkt abgesetzt werden. Die steuerliche Abzugsf\u00e4higkeit von Parteispenden ist im &hellip; <\/p>\n","protected":false},"author":238,"featured_media":0,"parent":1052,"menu_order":27,"comment_status":"closed","ping_status":"closed","template":"","meta":{"_coblocks_attr":"","_coblocks_dimensions":"","_coblocks_responsive_height":"","_coblocks_accordion_ie_support":"","_uag_custom_page_level_css":"","advgb_blocks_editor_width":"","advgb_blocks_columns_visual_guide":"","footnotes":""},"class_list":["post-1058","page","type-page","status-publish","hentry"],"uagb_featured_image_src":{"full":false,"thumbnail":false,"medium":false,"medium_large":false,"large":false,"tf-client-image-size":false,"1536x1536":false,"2048x2048":false,"bam-large":false,"bam-featured":false,"bam-list":false,"bam-thumb":false,"bam-small":false,"mailpoet_newsletter_max":false,"audioigniter_cover":false,"tptn_thumbnail":false},"uagb_author_info":{"display_name":"Web Master","author_link":"https:\/\/humanwirtschaftspartei.de\/?author=238"},"uagb_comment_info":0,"uagb_excerpt":"Spenden und Steuern Parteispenden sind Sonderausgaben Steuerlich gesehen sind Parteispenden Sonderausgaben und k\u00f6nnen als solche beschr\u00e4nkt abgesetzt werden. Die steuerliche Abzugsf\u00e4higkeit von Parteispenden ist im &hellip;","coauthors":[],"author_meta":{"author_link":"https:\/\/humanwirtschaftspartei.de\/?author=238","display_name":"Web Master"},"relative_dates":{"created":"Ver\u00f6ffentlicht 12\u00a0Jahren vor","modified":"Aktualisiert 6\u00a0Jahren vor"},"absolute_dates":{"created":"Ver\u00f6ffentlicht am 11. Februar 2014","modified":"Aktualisiert am 4. Dezember 2019"},"absolute_dates_time":{"created":"Ver\u00f6ffentlicht am 11. Februar 2014 16:51","modified":"Aktualisiert am 4. Dezember 2019 16:11"},"featured_img_caption":"","featured_img":false,"series_order":"","_links":{"self":[{"href":"https:\/\/humanwirtschaftspartei.de\/index.php?rest_route=\/wp\/v2\/pages\/1058","targetHints":{"allow":["GET"]}}],"collection":[{"href":"https:\/\/humanwirtschaftspartei.de\/index.php?rest_route=\/wp\/v2\/pages"}],"about":[{"href":"https:\/\/humanwirtschaftspartei.de\/index.php?rest_route=\/wp\/v2\/types\/page"}],"author":[{"embeddable":true,"href":"https:\/\/humanwirtschaftspartei.de\/index.php?rest_route=\/wp\/v2\/users\/238"}],"replies":[{"embeddable":true,"href":"https:\/\/humanwirtschaftspartei.de\/index.php?rest_route=%2Fwp%2Fv2%2Fcomments&post=1058"}],"version-history":[{"count":0,"href":"https:\/\/humanwirtschaftspartei.de\/index.php?rest_route=\/wp\/v2\/pages\/1058\/revisions"}],"up":[{"embeddable":true,"href":"https:\/\/humanwirtschaftspartei.de\/index.php?rest_route=\/wp\/v2\/pages\/1052"}],"wp:attachment":[{"href":"https:\/\/humanwirtschaftspartei.de\/index.php?rest_route=%2Fwp%2Fv2%2Fmedia&parent=1058"}],"curies":[{"name":"wp","href":"https:\/\/api.w.org\/{rel}","templated":true}]}}